te number?
False
Let o(z) = 43*z - 1. Let u be o(1). Suppose 0 = 5*d + u - 212. Suppose -4*s + d = -810. Is s a composite number?
False
Let j(d) = -d**3 - d**2 + 107. Let u be j(0). Let s = -28 + u. Is s prime?
True
Let b(t) = -2*t - 6. Let z be b(-7). Suppose 16 = 4*a - 0*a. Suppose 124 = 4*s - 5*m, a*s + 124 = z*s - 3*m. Is s a prime number?
True
Let a = 8 - 4. Suppose -a*u = -667 - 81. Is u prime?
False
Suppose -y - 3*b = -210 - 200, -4*y = 3*b - 1676. Is y prime?
False
Suppose -9*y + 213 = -6*y. Is y composite?
False
Suppose 5*k = -4*x + 2574, x - 645 = 2*k - 4*k. Is x prime?
True
Is -3*694*(9/(-6))/3 composite?
True
Let q(x) = -x**3 - 11*x**2 + 13*x + 15. Let t be q(-12). Suppose -4*k = 5*z - 649, -4*z = -t*k + 582 - 103. Is k a composite number?
True
Let p(g) = 29*g**2 - g - 7. Is p(3) a prime number?
True
Let j(d) = 5*d - 24. Let p be j(6). Let k(z) = 2*z**3 - 7*z**2 - 4*z + 6. Let l(s) = 2*s**3 - 7*s**2 - 3*s + 7. Let n(w) = 6*k(w) - 5*l(w). Is n(p) prime?
True
Let y = -2091 + 3130. Is y a composite number?
False
Suppose 0 = 3*j - 3*g + 7*g + 65, 2*j + g = -45. Let t = 44 + j. Is t a composite number?
True
Let w = -72 - -166. Is w a composite number?
True
Let q(x) = -x + 4*x + 0*x + 4*x. Let r be q(-8). Let y = 99 + r. Is y a composite number?
False
Suppose 0 = -4*y - 2 + 22. Suppose 2*j + y*o + 31 = 3*j, o = -2*j + 62. Is j prime?
True
Suppose 5*x = 6*x - 395. Is x a prime number?
False
Let d(q) = q**3 + 11*q**2 + 8*q - 5. Let n be d(-10). Let f be 36/(-15) + 6/n. Is f/4*(-168 + -2) a composite number?
True
Let u(y) = -y**3 - 7*y**2 + 9*y + 8. Let r be u(-8). Let q(d) = -d**2 + d + 85. Is q(r) a prime number?
False
Let l(g) = -15*g**2 + 1. Let f be l(-1). Let x(c) = c**3 + 3*c**2 - 13*c - 6. Let y be x(-5). Let p = y - f. Is p a prime number?
True
Is ((-12)/18)/((-4)/942) a prime number?
True
Suppose 0 = -2*w - w - 9. Is 1319/(w/(-6)*2) a prime number?
True
Suppose 12 = 4*i - 0*i. Suppose 0 = 5*b + 5, s - i*b + 4*b - 36 = 0. Is s a prime number?
True
Let o(x) = 10*x - 5. Let v(m) = -m**3 + 3*m**2 + 2*m - 2. Let b be v(4). Let q be o(b). Is q/(-2)*4/6 a prime number?
False
Suppose 3*d - 9*d + 1518 = 0. Is d a prime number?
False
Let y(t) = -3*t**3 - 3*t**2 + t + 2. Is y(-3) a composite number?
False
Suppose -27*l - 2545 = -28*l. Is l prime?
False
Suppose 5283 = 4*p + 23. Is p a composite number?
True
Let d(m) = 36*m - 1. Let x be d(-4). Let u = -123 - -135. Let h = u - x. Is h a composite number?
False
Let d(q) = -253*q - 11. Is d(-6) a prime number?
False
Let r(z) = -15*z**2 + 6*z + 6. Let s be r(11). Is (-4)/(-22) + s/(-33) prime?
True
Let m = -3 + 7. Suppose 20 = 4*i - 2*y, 0 = 2*i - y - m*y - 26. Suppose a + 74 = i*a. Is a a composite number?
False
Let q = 66 + 436. Suppose 142 = 2*h - q. Suppose -3*j + h = -j. Is j prime?
False
Suppose 2*n = 589 - 83. Is n composite?
True
Let m(d) = -d**3 - d**2 - 3*d - 4. Is m(-3) a composite number?
False
Suppose v = 2*v - 37. Let d = v - 14. Is d a composite number?
False
Let c(n) = -n - 2. Let v be c(-1). Let y be ((-12)/9 - v)*-1119. Suppose 0*r = r - y. Is r a composite number?
False
Let l(j) = 33*j - 4. Is l(15) a prime number?
True
Let g(a) = -56*a + 1 + 0 + 14 - 6. Is g(-4) prime?
True
Suppose -23 = -2*c + 5*r, 6 = -2*c - 5*r - 1. Suppose -5 = c*v - 17. Suppose 0 = -5*j + j - 4*y + 1344, 3*y = -v. Is j a prime number?
True
Let z = -5 + 6. Let a(d) = -z + 2 - 6*d + 2 - 1. Is a(-6) composite?
True
Suppose 5*c = -5*l - 5, -l + 17 = 4*c - 4*l. Let k(p) = 0 - c - 1 - 4*p - 5*p. Is k(-4) a composite number?
True
Let r(w) = -7*w + 3*w + w**3 + 6*w**2 + 2*w**2. Suppose a + 5*j + 20 = -0, -4*j = a + 17. Is r(a) prime?
False
Let z = 15 + -2. Is z a prime number?
True
Let v = 50 + -81. Let h = v - -200. Suppose 5*n = 4*l - 216, 3*l - h = -2*n + 16. Is l a composite number?
False
Is ((114/(-4))/(-3))/((-18)/(-7092)) a composite number?
True
Let k be (2/5)/(15/5025). Let z = k - -103. Is z a prime number?
False
Let r(h) = -h**3 - h**2 - 10*h + 9. Is r(-10) prime?
True
Suppose -9*w + 9 = -6*w. Suppose -w*t = -8*t + 70. Is t a prime number?
False
Let g(w) = 2*w - 3. Let v be g(4). Suppose -v*s + 329 = l, 5*l = -5*s + 1120 + 485. Is l a composite number?
True
Let x = 2770 - 1883. Let t = 1356 - x. Is t a composite number?
True
Let d(p) = p**3 + 8*p**2 + 8*p + 7. Let b be d(-7). Let u be (b + (1 - 1))/(-2). Suppose -107 = -4*a - u*a + w, -a = 4*w - 14. Is a prime?
False
Let f = 139 - 50. Is f a composite number?
False
Let n(y) = -y**2 + 11*y. Let r be n(7). Suppose -w - z = -r, 0*z - 46 = -w + 5*z. Is w a composite number?
False
Suppose 3*r - 13 = -4. Suppose -r*c - 2*u + 367 = 0, -248 = -2*c + 3*u - 5*u. Is c composite?
True
Suppose -3*w - 1 = -7. Suppose w*v - 5 = -3*v. Is ((-26 + 3)*v)/(-1) composite?
False
Let b = 1 - 0. Suppose 13*h - 6 = 10*h. Is (h - b*-35) + 2 a composite number?
True
Let m = -1355 + 2520. Is m prime?
False
Let o(u) = -3 + 1 + 1 + 2 - 6*u. Let i(a) = a**2 + 5*a - 2. Let d be i(-4). Is o(d) a prime number?
True
Let d(g) = 70*g**3 - g**2 - 3*g + 3. Is d(2) prime?
False
Let n(q) = 29*q**3 - 4*q**2 - q - 11. Is n(4) a prime number?
True
Let k = 0 + 5. Suppose k*o = 2*o + 651. Is o a prime number?
False
Suppose 5*z + 123 = 1958. Is z a composite number?
False
Suppose 3*s = 5*s - 4614. Suppose 7*o - 4*o = s. Is o prime?
True
Let v(x) = 245*x + 2. Let f(i) = -122*i - 1. Let k(w) = 13*f(w) + 6*v(w). Let n be k(1). Is -2 + n/(-1 + -2) composite?
False
Let o = -68 + 403. Is o prime?
False
Let v be 1 + (3 - (-67 + 1)). Let h = v - 21. Is h prime?
False
Let t = -1012 + 1527. Is t a composite number?
True
Suppose -5*n = 3*m + 112, -7*n + 2*n + m = 116. Is n*((7 - 4) + -16) composite?
True
Suppose -2*o - 628 = -6*o. Is o composite?
False
Suppose -5*u + 2*i + 16 = 5*i, 0 = -4*u + i + 6. Suppose 1 = -2*k + 2*a + 9, 0 = -u*k - 4*a - 4. Suppose -12 = -k*m + 30. Is m a prime number?
False
Let u be (-10 - 2)/((-12)/6). Is 987/u*(2 - 0) a prime number?
False
Suppose 4*m - v + 4*v - 641 = 0, -331 = -2*m - 5*v. Is m composite?
True
Suppose -4*f + 26 - 6 = 0. Suppose f*a - 35 = -5*l + 590, 0 = -4*a - l + 506. Is a composite?
False
Let l(q) = q**2 - 10*q + 11. Let s be l(9). Suppose 8*j - 5*j - 441 = -s*z, 3*z = -2*j + 289. Is j a composite number?
False
Let u(c) = 9*c**2 - 14. Is u(5) composite?
False
Suppose 3*j - 1183 = 1514. Is j composite?
True
Suppose 27*d + 4306 = 29*d. Is d prime?
True
Suppose 0 = -b - 82 + 289. Suppose -3*s + 0*s = -b. Is s composite?
True
Let i(b) = -6 - b**3 - b + 11*b**2 - 5 - 5*b + 0*b**3. Is i(8) composite?
True
Let n(k) = -k + 1. Let m be n(4). Is (m - (-112)/2)*1 composite?
False
Let b = 4 + -3. Let i(x) = -25*x**3 - 1. Let p be i(b). Let y = 11 - p. Is y composite?
False
Suppose 0 = -2*o - 5*o + 847. Is o a prime number?
False
Let i = 14 - 14. Suppose 2*k - 15 - 23 = i. Is k prime?
True
Let p(s) = s**2 + 2*s + 2. Let f be p(-2). Suppose 600 = f*k + 122. Is k a composite number?
False
Let u = 4 + -4. Suppose u = -2*s + s. Let d = s + 11. Is d prime?
True
Is ((-2)/(-4)*166)/1 a composite number?
False
Suppose h - p = 4*p, -4*h - p = -42. Let n be (116/10)/((-2)/h). Is 84/3*n/(-8) composite?
True
Suppose 0 = r - 6 - 13. Is r a prime number?
True
Let k(b) = 39*b**2 + 4*b - 5. Let h = -12 + 16. Is k(h) a prime number?
False
Let r(v) = 37*v**2 + v - 1. Is r(-4) prime?
True
Let q(v) = 2*v + 3*v**2 - 2*v**2 + v**2 - 2 + 3*v**2. Is q(-3) a composite number?
False
Is 6*7/147 + 2105/7 composite?
True
Let l = -12191 + 17748. Is l prime?
True
Is (1 + -5 - -309) + 2 composite?
False
Let w be 6/(-4) + (-453)/(-2). Suppose 5*b + 5*f = w, -2*f = -4*b + f + 194. Is b composite?
False
Let t(j) = 1211*j**2 - 2*j - 2. Is t(-1) a prime number?
False
Suppose 2*x - 4*x + 758 = 0. Is x a composite number?
False
Let y(b) = 23*b - 4. Suppose 2 = 2*n - 4. Is y(n) prime?
False
Suppose 495 + 99 = 2*b. Let p = b - 186. Is (p - 1/1) + 1 prime?
False
Suppose 0 = 5*l - 0*l - 20. Let d be (-216)/10*5*-1. Suppose -3*u - 146 = -4*q, d = l*q + 4*u - 24. Is q a composite number?
True
Suppose -5*f - 5*v + 2580 = 0, -2*v = 2*f - 3*f + 525. Is f a prime number?
False
Is 143/(-5*(-5)/25) a prime number?
False
Suppose 5*o = 2*z - 15, 4*o + 0 = 5*z + 5. Let t(g) = -3*g**3 - 4*g**2 - 7*g - 3. Let h be t(o). Is h